9
In base 12, what is 208808700 + 0?
208808700
In base 11, what is -5 + -585100?
-585105
In base 13, what is -29356 + 1250?
-28106
In base 4, what is 21323121 - 1003?
21322112
In base 12, what is -10b - 2a20a5?
-2a21b4
In base 16, what is 2 - -56c141?
56c143
In base 14, what is b - -75cc4a?
75cc57
In base 8, what is 406 - -527753?
530361
In base 7, what is -356224464 - 3?
-356224500
In base 6, what is 310004312 + -211?
310004101
In base 10, what is 1 - 21283589?
-21283588
In base 3, what is -201111 - 102221100011?
-102222001122
In base 9, what is 1400145 - 21?
1400124
In base 13, what is 428028 - -14?
42803c
In base 13, what is -7aa + -185c?
-2339
In base 15, what is -3 + -7e2759?
-7e275c
In base 10, what is -21 + 7532171?
7532150
In base 12, what is a01 - 51a2?
-43a1
In base 10, what is -8733 + -2452?
-11185
In base 15, what is -3 - 299ee9?
-299eec
In base 14, what is -8bd + 11325?
10846
In base 5, what is -141233222043 + -4?
-141233222102
In base 6, what is -10451302 + -102?
-10451404
In base 7, what is -124516065 - 4?
-124516102
In base 14, what is 128713 + -4a5?
12824c
In base 11, what is 7361a2 + -11?
736191
In base 4, what is 31032023231 + 2?
31032023233
In base 2, what is -11000110011001001101110010 + 10?
-11000110011001001101110000
In base 13, what is -15143 - 1704?
-16847
In base 5, what is 3 + -213032033?
-213032030
In base 4, what is -32 + -3003220331?
-3003221023
In base 2, what is 101 - -110101100001100010?
110101100001100111
In base 9, what is 16 + -30424?
-30407
In base 9, what is -11 - 3370440?
-3370451
In base 3, what is 120 + 1012112202120?
1012112210010
In base 15, what is -8 + 221565?
22155c
In base 16, what is -410 - 19f650?
-19fa60
In base 13, what is -1 - -33c61618?
33c61617
In base 3, what is -1100202 - -11121012010?
11112211101
In base 12, what is 29426 + -5b?
29387
In base 5, what is -413 - 100424444?
-100430412
In base 10, what is 254200 + 36?
254236
In base 8, what is 46476474 - 2?
46476472
In base 9, what is -2152 + -43536?
-45688
In base 10, what is -1 + -2588050?
-2588051
In base 12, what is 841a66 + -1?
841a65
In base 10, what is 5267 - -20902?
26169
In base 9, what is -200 - -231167?
230867
In base 15, what is 2c9c4 + -a13?
2beb1
In base 8, what is 342 + -12112?
-11550
In base 16, what is 179 + -58da2?
-58c29
In base 9, what is -88443 - -21?
-88422
In base 9, what is -10 + -24475004?
-24475014
In base 7, what is -13 + 53302446?
53302433
In base 6, what is -223040401 + -2?
-223040403
In base 8, what is -5 - 17244703?
-17244710
In base 14, what is a3559 - 17?
a3542
In base 7, what is -311342006 + 135?
-311341541
In base 15, what is -10204902 + -1?
-10204903
In base 3, what is 220211 - -212112112?
220110100
In base 9, what is -171 + -326231?
-326412
In base 4, what is 101302021032 - 13?
101302021013
In base 9, what is 23 + -5574543?
-5574520
In base 16, what is 1d58 + -3a9?
19af
In base 2, what is 100100001111010101010 - -10?
100100001111010101100
In base 12, what is -26bb9727 + 3?
-26bb9724
In base 11, what is 39 - 1a155?
-1a117
In base 10, what is -286760 - 2094?
-288854
In base 8, what is 7334 + 344550?
354104
In base 12, what is -2 + -956171?
-956173
In base 7, what is 1456344 + 2?
1456346
In base 4, what is 12033330031213 + 10?
12033330031223
In base 7, what is 4 - -44144444?
44144451
In base 4, what is -1323 - -21001333?
21000010
In base 6, what is -25530 - 110033?
-140003
In base 14, what is aa86b22 - 0?
aa86b22
In base 8, what is -1673 + 1005717?
1004024
In base 9, what is -7300107 - -1?
-7300106
In base 8, what is -2 - 333317?
-333321
In base 16, what is -3e66 - -1b0?
-3cb6
In base 5, what is -31443424320 - -2?
-31443424313
In base 13, what is -944b5ac - 1?
-944b5b0
In base 8, what is 10706 + 20254?
31162
In base 11, what is -187 + 877192?
877006
In base 3, what is 2120112022201 - -2?
2120112022210
In base 6, what is 20442222 + 5?
20442231
In base 8, what is 4106 - 31276?
-25170
In base 2, what is -11000100101010110 + 101000?
-11000100100101110
In base 3, what is -221220012200221020 - 0?
-221220012200221020
In base 13, what is 2b4 - 31c78?
-31994
In base 2, what is -10 - 1100011000111011110100001010?
-1100011000111011110100001100
In base 14, what is 1d - -270b?
272a
In base 12, what is 10246 - 390?
ba76
In base 12, what is 49 - 12659b4?
-1265967
In base 8, what is 113 + -14321501?
-14321366
In base 15, what is 80 - 7260e?
-7257e
In base 12, what is -30 + -281099?
-281109
In base 3, what is 100101120 + 10000012?
110101202
In base 9, what is 480 - -347?
837
In base 16, what is 110a + 416?
1520
In base 2, what is 101 - 110111010010100010001110011?
-110111010010100010001101110
In base 3, what is 22012 - -2022002220?
2022102002
In base 4, what is -3 - 2111230100111?
-2111230100120
In base 14, what is -28553 - 64?
-285b7
In base 16, what is -99f860 + -1c?
-99f87c
In base 7, what is -13 + 203445110?
203445064
In base 15, what is -1 - 213c75d8?
-213c75d9
In base 5, what is -14311031 + 10244?
-14300232
In base 4, what is 3 + -1020130302132?
-1020130302123
In base 7, what is 1462260661 - -1?
1462260662
In base 8, what is 500473 - -6323?
507016
In base 11, what is -129 - 50a684?
-50a802
In base 6, what is 0 + 135215503?
135215503
In base 6, what is 34 + 14513205?
14513243
In base 3, what is -22000212 + -10012120?
-102020102
In base 4, what is -2022 - 20020303?
-20022331
In base 12, what is -a87 + 456?
-631
In base 12, what is -153 - -155a533?
155a3a0
In base 2, what is 100 + 101011110101001001000101?
101011110101001001001001
In base 2, what is 101000111101 - -10100010000111111?
10100111001111100
In base 7, what is 103 - 36546506?
-36546403
In base 11, what is 21 - -96499?
9650a
In base 5, what is 202414 + -22212140?
-22004221
In base 14, what is -460c + -14247?
-18855
In base 14, what is -3 + -4a0936?
-4a0939
In base 14, what is 7 - -132c11?
132c18
In base 2, what is 1 - 11111000011011001011011?
-11111000011011001011010
In base 15, what is -21084 - a55?
-21ad9
In base 2, what is -110010 + -100010010000001110?
-100010010001000000
In base 14, what is -3 + -21b4308c?
-21b43091
In base 5, what is -222210 - -11122?
-211033
In base 16, what is 672 - 9dbed?
-9d57b
In base 14, what is b2 - 48ad7?
-48a25
In base 5, what is -23 + 4412131212?
4412131134
In base 10, what is 23801 - -5025?
28826
In base 2, what is -110111010010 - 1000101001010?
-1111100011100
In base 7, what is -152313 - 30200?
-212513
In base 6, what is -41 + -442001255?
-442001340
In base 13, what is 5 + 1371784?
1371789
In base 10, what is 26504 - 1387?
25117
In base 14, what is 14 + -c6c19?
-c6c05
In base 3, what is -2021222011 + -1212102?
-2100211120
In base 16, what is -2b257a + -3?
-2b257d
In base 8, what is -14 - -26172776?
26172762
In base 12, what is 3646683 - 1a?
3646665
In base 9, what is -415 - 6674?
-7200
In base 15, what is 2d - -20463?
20491
In base 5, what is 1434 - -4431130?
4433114
In base 2, what is 10110000011100111010000100000 + 100?
10110000011100111010000100100
In base 9, what is -1351 - 8743?
-11204
In base 15, what is -417c + -1784?
-5911
In base 8, what is -5 + -34454561?
-34454566
In base 11, what is 2a260752 - 4?
2a260749
In base 8, what is -1620127 + 407?
-1617520
In base 7, what is -426043 + 13001?
-413042
In base 15, what is 9 + -5463c0?
-5463b6
In base 6, what is 4024 - 1012?
3012
In base 15, what is 35038 + 3b?
35074
In base 8, what is -47223 - -14075?
-33126
In base 3, what is 2202210001 + -1112022?
2201020202
In base 2, what is 1110111010010011 - 11110101?
1110110110011110
In base 3, what is -21110 + -1101000120210?
-1101000212020
In base 2, what is 101110100100000011011100010000 + 11?
101110100100000011011100010011
In base 14, what is -2a - c70ab?
-c70d7
In base 11, what is -168854a58 - 5?
-168854a62
In base 7, what is -1266234 + -4?
-1266241
In base 9, what is 180541 - -231?
180772
In base 9, what is -14220 + -3510?
-17730
In base 12, what is 12937808 - 2?
12937806
In base 8, what is -35707356 - -3?
-35707353
In base 6, what is 12 - -30242003?
30242015
In base 10, what is 50 + 114208?
114258
In base 12, what is 19b - -49926?
49b05
In base 8, what is 15721 + 12433?
30354
In base 16, what is -4d6e0f - 6?
-4d6e15
In base 16, what is 77aff05 - 0?
77aff05
In base 9, what is 4 + 23310687?
23310702
In base 16, what is -f - -1c